 Suppose -b - h = -4*w - 0*b, -4*b = 3*w - 801. Is w prime?
True
Let w = -35 + 104. Is w a composite number?
True
Let d be 0*(-2)/(-6)*1. Let p(v) = -v**2 - v + 38. Is p(d) prime?
False
Let w be 91/(-39) + (-1)/(-3). Suppose 57 = 3*n + 3*z - 0, 0 = 4*z + 8. Let f = n + w. Is f prime?
True
Is (-4 - (2 - 197))*1 composite?
False
Let s = -260 - -399. Suppose -4*r + 393 = -s. Is r a prime number?
False
Suppose 5*h - 4*w = 4331, 3*h + 0*w = -4*w + 2573. Is h a prime number?
True
Suppose 0 = -5*z + 10, -2*n + 3*n = -4*z + 12. Is (42/n)/((-5)/(-10)) composite?
True
Let p be (-7)/(-1) + 0 + -2. Suppose -4*d + c + 218 = 0, 4*c - p*c - 273 = -5*d. Suppose -2*v - d = -7*v - w, -3*w = 4*v - 44. Is v composite?
False
Let g = -422 - -230. Let k = g + 281. Is k composite?
False
Suppose -1876 = 2*h - 6*h. Is h composite?
True
Let m(d) be the second derivative of 17*d**3/3 + d**2/2 - 2*d. Let z(h) = 2*h**3 - 2*h**2 + h. Let o be z(1). Is m(o) prime?
False
Suppose 3*t - 39 = -3*l, -2*l - 49 = -3*t - 7*l. Let v = -16 - -27. Let h = v + t. Is h prime?
True
Let i = -25 + 16. Is (4 + 402/i)*-3 a prime number?
False
Let d be 4/(-2) + (10 - -48). Let r = d - -167. Is r prime?
True
Let t(f) = -f**3 - 6 + f + f + f**2 - f - 6*f**2. Is t(-7) a prime number?
False
Suppose 6*n = -2*r + 2*n + 362, -5*r - 3*n = -870. Let j = -38 + r. Is j composite?
True
Let r(a) = -12*a**2 - 9*a - 10. Let x be r(-7). Let t = -242 - x. Is t composite?
False
Suppose -5*t + 322 = 2*v - 1445, 2*v = 4*t + 1722. Is v prime?
False
Suppose 2*c + 4*j - 246 = 0, -2*c - 2*j + 0*j = -250. Is c composite?
False
Let s = -5 - -7. Suppose -5*c + c = -2*z + 118, 0 = 5*z + s*c - 343. Is z a prime number?
True
Suppose -7*s + 3*s + 1916 = 0. Is s prime?
True
Suppose 1454 = -9*t + 18941. Is t a prime number?
False
Let f = 5046 - 2543. Is f a prime number?
True
Let n(l) = -l**2 - 7*l + 4. Let c be n(-6). Let o = c + -6. Is 2*o/(8/23) composite?
False
Let d(g) = -2*g**3 + 2*g**2 + 5*g + 2. Let y be (-2 - -3)*-3 + 1. Let o be ((-3)/(-4))/(y/8). Is d(o) a composite number?
False
Let z(k) = 623*k**2 + 4*k - 4. Is z(1) a composite number?
True
Let q be (-4)/8 - (-33)/2. Suppose 73 + q = u. Is u prime?
True
Suppose -q = -4*a - a - 40, -4*a - 56 = -2*q. Suppose -3*f + 2*t = -607, -228 = -f - 5*t - q. Is f prime?
False
Suppose -4*c = 3*o - 4176 + 613, 4*o = 4*c + 4760. Is o a prime number?
False
Suppose -2*a + 13 = -q, -5*a + 8*q = 3*q - 40. Let t(o) = 2*o**2 - 5*o - 3. Is t(a) a prime number?
False
Suppose -b = -5*b - 12. Let y be -3 - -3 - b - 143. Let x = 207 + y. Is x prime?
True
Let m(j) = -j**2 + 1. Let w(n) = 9*n**3 + 6*n**2 + 3*n - 1. Let y(t) = -4*m(t) - w(t). Is y(-2) prime?
True
Let c = 5 + -3. Is 13 + (1 + -1)/c a composite number?
False
Let d(a) = 3*a - 4. Let v be d(3). Suppose -v*t = -3*t - 230. Is t a composite number?
True
Suppose -5*t = 2*i - 3*t - 26, 0 = 2*t. Suppose -5*b = -3*a + 119, 2*a - a + 5*b = i. Is a a composite number?
True
Let r(u) = -2*u**3 - 7*u**2 + 4*u + 1. Let z be r(-6). Suppose 2*c + n = z, 4*c + 5*n - 153 = 2*c. Is c composite?
False
Let i = 2 + 3. Suppose -3*z - i = 7. Let m(s) = -7*s**3 + 5*s**2 + 4*s - 1. Is m(z) composite?
True
Suppose 0*h = -3*h + 2*f + 1951, -3*f + 3277 = 5*h. Is h prime?
True
Let j = 26 - 24. Is -2*(1455/j)/(-5) a composite number?
True
Suppose k - 5*j - 264 = -75, -4*k + j = -661. Suppose 3*o + k = 4*d, -182 = -5*d - o - o. Suppose 5*n - 152 = d. Is n prime?
False
Is (-6)/21 + 3266/14 a composite number?
False
Suppose 3*z - 2093 = 5*f, -2*f - 2*f = -2*z + 1394. Is z a prime number?
True
Let g(l) = 2*l**2 + 12*l + 13. Is g(-11) a prime number?
False
Let q(x) = -3*x**2 - 5*x + 6. Let l(d) = 2*d**2 + 4*d - 5. Let c(z) = -5*l(z) - 4*q(z). Is c(5) prime?
False
Is (318/3)/(2/5) prime?
False
Let n = 4153 - 2184. Is n a composite number?
True
Suppose -18*u - 1814 = -20*u. Is u a composite number?
False
Let z be (3 - -6)*-1*1. Is (6/z)/((-6)/1431) a prime number?
False
Let k(h) = -4*h**2 + 12*h + 4. Let b(x) = -5*x**2 + 11*x + 5. Let w be (-1 + -1)/(8/(-20)). Let v(s) = w*b(s) - 6*k(s). Is v(-7) a prime number?
True
Suppose -5*s + 2*m + 6930 = m, -4*s + 5535 = m. Is s prime?
False
Let c(i) = 13*i**2 - i - 3. Is c(-7) a composite number?
False
Let o be (9/(-6))/(6/40). Let d(f) = f**3 + 10*f**2 - 5*f - 13. Is d(o) a prime number?
True
Let v be (-11 + 0)/(2/(-50)). Suppose -3*l = 2*l - v. Is l composite?
True
Suppose -5*u + 539 = -2*d - 116, -d = -2*u + 262. Is u prime?
True
Suppose -d = -3, -d + 301 = 2*h - 0*h. Is h a prime number?
True
Is (2/4)/(1/196*2) a composite number?
True
Let z be (-2)/(-8) - (-3521)/28. Suppose 0 = c - z - 37. Is c a prime number?
True
Suppose 3*a + 274 - 103 = 0. Let u = 116 + a. Is u composite?
False
Let g(t) = -t**3 + 4*t**2 - 2*t - 2. Let b be g(2). Suppose 0*i - b*i = 0. Suppose 2*s + 3*x - 276 = 0, -4*s + 568 = -2*x - i*x. Is s a composite number?
True
Let t = -624 - -1073. Is t a composite number?
False
Suppose d = 413 + 104. Is d composite?
True
Suppose 0*s = 5*s. Let x(y) = -y**2 - y - 11. Let o be x(s). Let a = 8 - o. Is a prime?
True
Suppose -f + 4 = 3. Suppose 0 = -3*j + 5 + f. Suppose j*y - 283 = -5*v, 5*v - 3*y - 263 = -0*y. Is v a composite number?
True
Let l = -1 + 3. Is l a prime number?
True
Let c(m) = 36*m**3 - m**2 + 3*m - 3. Is c(2) a prime number?
False
Suppose 3*b = -6 - 6. Let m = b + 4. Suppose c = l - 37, m = -3*l + 2*c + 90 + 23. Is l prime?
False
Let d = 315 - 188. Is d a composite number?
False
Let u(g) = 6*g - 7. Let l(q) = -q**3 - 3*q**2 + 8*q**2 + 0*q + 2*q - 5 + 0*q. Let s be l(5). Is u(s) a prime number?
True
Is 420/(-40)*(-764)/6 prime?
False
Let i = 338 - -69. Is i composite?
True
Let l be 0 - (2 - -1) - -162. Suppose 3*x + 0*x = l. Is x composite?
False
Suppose 0 = 5*l + 16 - 6. Let u be 53/(2/8*l). Let h = -29 - u. Is h a composite number?
True
Suppose 2*b + 0*b = -6. Let y = -1 - b. Suppose -2*o = o + 3*r - 90, -y*o = 3*r - 65. Is o prime?
False
Suppose -3*p + 3*j = -j - 1127, 0 = p + j - 385. Is p prime?
False
Let r(a) = 57 + a + 38 + 128 - 2*a. Is r(0) a composite number?
False
Let l(t) = t**2 - 11*t + 2. Let c be l(11). Suppose o - 556 = 4*h - 2149, 0 = -4*h + c*o + 1598. Is h prime?
True
Let q(g) = 6*g**3 + 8*g**2 - 13*g + 4. Is q(5) composite?
True
Let s(h) = -9*h**2 + 5*h - 4. Let n be s(4). Let o = n + 211. Is o composite?
False
Suppose -4*t + 3*f - 479 + 3102 = 0, -2*t - 5*f = -1305. Is t a composite number?
True
Suppose 3*k = 3, -5*k + 9 = 3*z + 4. Suppose -2*p = -z*p - 16. Let l(y) = y**3 - 8*y**2 + 9*y - 7. Is l(p) prime?
False
Let t be 3/(-4) + 63/(-12). Let n(x) = -1 - 8*x - 8*x + 1 - 7. Is n(t) composite?
False
Suppose 2*w - 829 + 91 = 0. Let d = w - 220. Is d prime?
True
Let b = 1069 - 512. Is b composite?
False
Suppose -3*i + g + 10757 = -g, -4*g = -8. Is i a composite number?
True
Let q = 2386 - 1521. Is q composite?
True
Let u(x) be the third derivative of 1/60*x**5 + 1/24*x**4 + 0 + 55/6*x**3 + 1/120*x**6 + 0*x + 2*x**2. Is u(0) a prime number?
False
Let l = 503 - 290. Is l a prime number?
False
Is (2/12*-2719)/((-2)/12) composite?
False
Let v be (-1)/(16/20 - 1). Let f(y) = -3*y**2 - y + 5 + 3*y + 0*y**2 + y**3. Is f(v) prime?
False
Suppose 2*c + z = 3*c - 1515, 6036 = 4*c + 2*z. Is c a composite number?
False
Let t(b) = 2*b**2 - 4*b + 4. Let r(c) = c + 1. Let u be r(-6). Is t(u) prime?
False
Let o(m) be the first derivative of -7*m**2/2 - m - 2. Let l(y) = -8*y - 1. Let r(w) = -3*l(w) + 4*o(w). Is r(-6) a prime number?
True
Is 4/(-14) + 9801/77 composite?
False
Suppose 4*v = 3*v + 2. Let j(c) = -v + 0 - c + 5*c. Is j(6) a prime number?
False
Let d(j) be the third derivative of -1/60*j**5 + 2/3*j**3 + 0*j - 1/3*j**4 + 0 + 3*j**2. Is d(-5) prime?
True
Let f(o) be the first derivative of -o**3/3 + 5*o**2/2 + 8*o + 2. Let h be f(6). Is (h*-1)/(2/(-65)) composite?
True
Let g = -43 - -47. Is g prime?
False
Suppose 2*o + u = 3 + 3, 5*o - 18 = -4*u. Suppose -892 = o*k - 6*k. Is k a prime number?
True
Suppose -156 = -a - 35. Is a prime?
False
Suppose 204 = 3*x - 198. Is x composite?
True
Let r(z) = -156*z**3 - 2*z - 1. Let t(o) = 3*o**3 - 1 - 12*o**2 - 4*o + 4*o - 2*o**3. Let n be t(12). Is r(n) composite?
False
Suppose 6*b - 44 - 28 = 0. Suppose o + v - 4*v - b = 0, -o + 15 = -2*v. I